11. Give v(w).
1
Let l(z) = 2*z + 32. Suppose -157*d + 22*d = 0. Calculate l(d).
32
Let m be (-1 - 0)*(63 - 60). Let u(h) = 2*h**2 - 2*h + 6. Give u(m).
30
Let l be 2/(-1)*10/4. Let m = 739 + -737. Let z(b) = -12*b + 2 - 2*b**2 + 2*b + 6*b**m - 5*b**2 + 5*b. Determine z(l).
2
Let g(j) = -j + 0*j + 40292 - 40283 - j**2 - 6*j. What is g(9)?
-135
Let s(c) = -3*c**3 - 9*c**2 - 7*c - 9. Let y(u) = u**3 + 2*u**2 + u + 1. Let k(q) = s(q) + 2*y(q). Give k(-3).
-10
Let o(h) = -70*h**2 - 353*h - 8. Let f be o(-5). Let k(x) = x**2 - x - 25. What is k(f)?
17
Let q(h) = 5*h**2 + h + 1. Let d(k) = 9*k**2 + 33*k + 198. Let o(a) = -4*a**2 - 17*a - 98. Let u(w) = 3*d(w) + 7*o(w). Let r be u(-7). Calculate q(r).
5
Let l(h) = -3*h. Let j(d) = -8*d. Let k = 21 - 32. Let z be (7 + 1)*47/94. Let n(t) = k*l(t) + z*j(t). Determine n(-4).
-4
Let k(j) = -j + 3. Let i(u) = -2*u**2 - 4*u - 2. Let s be i(-1). Let v be 7*(s + (-5)/(-5)). What is k(v)?
-4
Let x(m) = 3*m - m + 16 - 4*m. Suppose -p = -106*u + 99*u + 69, u - 2*p + 5 = 0. Give x(u).
-6
Let s(a) = -a**3 - 8*a**2 + 47*a - 20. Let z be s(-12). Let q(i) = i**2 + 31*i + 183. Calculate q(z).
-1
Let m(z) = -z**2 - 72*z + 4508. Let c be m(40). Let t(q) = q**3 - 29*q**2 + 30*q - 62. Determine t(c).
-6
Let o be (-3)/(3/4) + 6. Let x be -19*(o - 4)/2 + 0. Suppose -3*s - x = -28. Let j(y) = -y**3 + 3*y**2 + y + 4. Give j(s).
7
Let t(k) = -k**3 - 4*k**2 - 3*k. Suppose -4*x = w - 22 - 6, -5*w + 4*x + 20 = 0. Suppose 4 = 2*b + w. Give t(b).
-2
Suppose -2*t - 404 = 5*j, -j + 0*j - t = 79. Let y = j - -89. Let l(d) = d**2 - 9*d + 7. Determine l(y).
-7
Suppose 2*i + i - 3*g = 1224, i - 413 = 2*g. Let z = i - 406. Let r(m) = -m**3 - 4*m**2 + 1. What is r(z)?
-8
Let y(x) = x**2 + 22*x - 140. Suppose 525*l + 3*a = 526*l + 9, 4*l - 3*a + 90 = 0. What is y(l)?
-5
Suppose -3*d - 143 = -0*d - 5*c, 4*d + 4*c + 148 = 0. Let w = 46 + d. Suppose -w*k + 2*k = -18. Let p(u) = 2*u - 7. Give p(k).
5
Let z(y) = -24 + 0*y - 2*y - 2*y + 3*y. Suppose 217*h = -14*h + 7*h - 3808. What is z(h)?
-7
Let n(a) = -3*a**2 + 7*a + 26. Let j(i) = -i**2 + 3*i + 9. Let q(w) = -8*j(w) + 3*n(w). Suppose x + 68 = 3*r - x, 8 = -2*x. Suppose 6*t - r = 10*t. Give q(t).
-4
Suppose -2*n = -2*u - 6, -4*n - 314 + 323 = -u. Let k(d) = 66*d + 66. Calculate k(u).
0
Suppose -4*x = -o - 83, 285*x = 284*x - 5*o + 26. Let a(j) = j**2 - 20*j - 19. What is a(x)?
2
Let r(t) = 2*t - 6. Let s = -67 - -70. Let w be 23/s - 33/(-99). Give r(w).
10
Let n(g) = -638*g + 216. Let x(h) = 122*h - 43. Let y(p) = -3*n(p) - 16*x(p). Determine y(1).
2
Let s(c) = c**3 + 7*c**2 - 4*c + 1. Let g(v) = 21*v**3 + 27*v**2 - 17*v + 6. Let t(y) = -g(y) + 4*s(y). Determine t(1).
-17
Let g = 21 + -29. Let a(k) = k**3 + 5*k**2 + 11*k. Let h(f) = -2*f**3 - 11*f**2 - 21*f + 1. Let w(l) = -7*a(l) - 4*h(l). Give w(g).
4
Let h be (-38 + 50)*(-2)/(-6). Let n(u) = 5*u**2 + 2*u + 8. Determine n(h).
96
Let r(w) = -4*w**2 + 107*w + 33. Let f be r(27). Suppose f*b = 31 - 49. Let n(u) be the third derivative of u**4/8 + 2*u**3/3 - u**2. What is n(b)?
-5
Let n(z) be the third derivative of -z**5/30 - z**4/24 + 24*z**3 + 16*z**2 + 1. Let b(r) be the first derivative of n(r). Determine b(2).
-9
Let g(h) = -h**3 + 6*h**2 - 8*h + 16. Let a be (168/(-42))/((-20)/25). Calculate g(a).
1
Let s(x) be the first derivative of -x**2 - 7*x + 244. Suppose 6*l + 4*l = -70. Determine s(l).
7
Let g(i) = 5*i + 1. Let m(c) = -96*c - 51. Let a(p) = 14*g(p) + m(p). Determine a(-2).
15
Suppose -13*g - 3*g = -96. Let r(i) = 4*i - 7*i**2 - g*i + i**3 + 81 + 0*i - 77. Calculate r(7).
-10
Suppose -79*k - 5038 = 547*k - 48*k - 992. Let o = -16 + 24. Let d(j) = -o*j**2 - 6 - 4*j**3 - 9*j + 2*j**3 + j**3. Calculate d(k).
8
Let j(n) be the second derivative of -18 - 3*n + 2/3*n**3 - 5/2*n**2. Calculate j(4).
11
Let u(y) = -13*y**3 - 37*y**2 + 26*y + 64. Let d(c) = 21*c**3 + 56*c**2 - 39*c - 97. Let z(f) = 5*d(f) + 8*u(f). Determine z(15).
-3
Let c(o) be the first derivative of 68 + o**2 - 4*o + 1/3*o**3. Suppose -2*f - 5*p = 30, 2*p - 15 = -f + 7*p. Calculate c(f).
11
Let z be ((-1)/3)/(6/(-144)). Suppose -5*p = -p - z. Let u(i) = -7*i - 11 + 5 - p*i - i**2. Determine u(-5).
14
Let o(f) be the second derivative of -f**5/20 - f**4/2 + f**3/6 + 7*f**2/2 - 16*f + 2. Let d(u) = 6*u + 5. Let y be d(-5). Let b = 19 + y. Calculate o(b).
1
Let r(v) = 119*v**2 - 6900*v - 117. Let x be r(58). Let p(a) be the second derivative of a**5/5 - a**4/12 - a**3/6 + a. Determine p(x).
-4
Let b(o) = 34 - 9 - 5*o + 5 + 6 + 12*o. Give b(-6).
-6
Let f = 17 + -11. Let t(z) be the third derivative of z**6/120 - 7*z**5/60 + z**4/4 + z**3/6 - 2*z**2 + 54*z. Determine t(f).
1
Let p(r) = 22*r + 267. Let k be p(-12). Let l(c) be the first derivative of 2*c**3/3 - c**2 - c + 2. Determine l(k).
11
Let h be (1/3)/(3/144*4). Suppose -5*v + h = 4. Let j(t) = -t**2 + t + 36. Calculate j(v).
36
Let w(a) = 6*a - 3. Let v(q) = -q + 2. Let s = 44 - 42. Let j(u) = s*v(u) + w(u). Calculate j(4).
17
Let x be 30/(0 + 3) + -3. Let z(i) = -2*i - 6. Let v(h) = -6 - 5 + 3*h - 6*h. Let t(j) = -6*v(j) + 10*z(j). Calculate t(x).
-8
Let y(i) = i**2 - 2. Let q be ((-40)/2)/(-2)*(-497)/(-994). Calculate y(q).
23
Suppose 0 = z, 0 = 4*k - 0*k + 3*z - 8. Let d(y) = -10*y - 25. Give d(k).
-45
Let o(n) = n**3 + 6*n**2 + n + 7. Let d be o(-5). Suppose 0 = 3*i - 4*q + d, -9 + 22 = -5*i - 4*q. Let p(k) = -k**3 - 6*k**2 - 6*k + 6. Calculate p(i).
11
Let t(j) = 8*j**2 + 202616*j**3 + 27 - 202617*j**3 + 6*j**2 - 4*j. Calculate t(14).
-29
Let f be 2 + -20*(-14)/(-70). Let q(n) = 13*n**2 - 9*n - 12. Determine q(f).
58
Let y(m) = 28760 + 2*m + m**2 - 7*m - 28764. Suppose -18 = -3*a + a. Suppose 15 = 4*k - a*k. Give y(k).
20
Let q(u) be the third derivative of -2*u**4 - 2*u**3/3 + 10154*u**2. What is q(2)?
-100
Let t(x) = 73*x**3 - 2*x - 1. Suppose -3*a + 6 = 0, 2*g - 107*a + 108*a = 0. What is t(g)?
-72
Let k(s) = -5*s**2 - 6*s - 10. Let p(w) = w**2 + w + 2. Let y(q) = -2*k(q) - 11*p(q). Suppose 196*v = 197*v - 2. Calculate y(v).
-4
Let x(t) = 24 - 5*t - 11*t - 16 - 26 - t**2. Let h be x(-14). Let o(r) = -2*r**2 + h*r**2 - 6*r - r**3 + 0 - 1. Determine o(7).
6
Let w(c) = -59*c + 1595. Let h be w(27). Let k(l) be the second derivative of 1/12*l**4 + 0 + 20*l + 3/2*l**h + 1/2*l**3. Give k(-2).
1
Let m(u) = 2*u - 3*u + 12 + 4. Let s be (11/1)/((-1551)/(-1128)). What is m(s)?
8
Let h be ((-3 - -8) + -3)/((-2)/(-36)). Let t(j) = 47 + 42 - 8*j - 117 + h + j**2. Determine t(6).
-4
Let m(o) = 88*o - 179*o - 191 + 118*o. Let y be m(7). Let k(h) = -2*h**3 - 3*h**2 - 4*h - 2. Give k(y).
10
Let n(u) be the second derivative of -u**4/3 - 2*u**3/3 - u**2/2 - 3114*u. Determine n(3).
-49
Let r(y) = -4*y - 6. Let b be r(-5). Let a = -10 + b. Let x(g) = -g + a - 3*g + 2*g + 3*g. Give x(-6).
-2
Let u(f) = 195*f**3 - 10*f - 97*f**3 - 99*f**3 + 11 + 15*f**2 - 6*f**2. Suppose 2*s = -5*w - 4, -3*s = 2*w - 6 - 10. Determine u(s).
-5
Let l(p) be the second derivative of -p**4/12 + p**3/3 + 11*p**2 + 774*p - 2. Determine l(8).
-26
Let l(v) = -v**3 + 6*v**2 + 7*v - 10. Let k be 38 - ((-4)/4)/(11/(-33)). Suppose k = -32*f + 37*f. Determine l(f).
-10
Let a(m) = -2*m + 4. Suppose 3*y = n - 78, -4*n + 32 = -y - 5. Let p = y + 18. Let t be (-17)/p + 12/21. Give a(t).
-2
Let q(u) be the second derivative of u**4/12 - u**3/6 - 71*u**2/2 - 40*u. Let y(f) be the first derivative of q(f). Determine y(-4).
-9
Let m be ((21472/66)/(-61))/(8/6 + -1). Let h(z) = -z**3 - 16*z**2 + 2*z + 37. Calculate h(m).
5
Let w(x) = -4 - 2*x - 11 + 43 - 8. What is w(8)?
4
Let p = 27492 + -27486. Let z(k) = 2*k**3 - 12*k**2 - 5*k - 8. Calculate z(p).
-38
Let i(a) = -a**3 + 9*a**2 + 12*a - 12. Let b(o) = -4*o - 6. Let k(g) = 7*g**2 - 3*g + 1. Let q be k(1). Suppose -q*z + 4*z = 4. Let n be b(z). Give i(n).
8
Let d(j) = -1 + 2*j + 121*j**2 - 4*j - 120*j**2. Suppose 6 = 3*t - 6. Suppose -t + 2 = i. Determine d(i).
7
Let c(k) be the second derivative of -5/6*k**3 + 1/12*k**4 + 0 - k**2 - 114*k. Give c(7).
12
Let a(p) = -p + 12. Let d(c) = c**3 - 16*c**2 - 32*c - 37. Let x be d(18). Suppose -5*t - m + 25 + 4 = 0, 3*t = -5*m + x. Give a(t).
7
Let i = 7 - 15. Let q(z) = 8*z + 16. Let r(u) = -10*u - 19. Let a(k) = 3*q(k) + 2*r(k). Determine a(i).
-22
Let m(n) = -n**3 + 25*n*